et c(g) = g**2 - 5*g + 8. Let y(f) = 2*f - 36. Let v be y(32). Suppose -4*n = 2*h - v, 2*n + 11*h + 2 = 14*h. Determine c(n).
8
Let g(n) = 5*n - 67. Let j(w) = -w**3 - 16*w**2 - 8*w + 119. Let b be j(-15). Calculate g(b).
3
Let y(n) be the first derivative of 1/4*n**4 + 3*n + n**2 + 1 - 4/3*n**3. Let c = -47398 + 47401. Give y(c).
0
Let a(v) = 514*v**2 + 509*v**2 - 1025*v**2. Let d be ((-25)/(-10) + -3)*0. Suppose d = 3*r - r - 6. What is a(r)?
-18
Suppose r - 37 = 4*r + 34*r. Let b(j) = 65*j**2 + 2*j + 1. What is b(r)?
64
Suppose 4*n - 157765 + 157841 = 0. Let r(f) = -2*f**3 - 38*f**2 + 4*f + 69. What is r(n)?
-7
Let i(m) = m**3 - 6*m**2 - 8*m + 8. Suppose -2560*g - 238 = -2594*g. Give i(g).
1
Let j(q) = 6*q - 2. Let g(a) = -4*a + 2. Let m(n) = -17*n - 195. Let s be m(-11). Let t(b) = s*g(b) - 5*j(b). What is t(4)?
2
Let p(r) be the first derivative of r**3/3 - 3*r**2/2 - 4*r - 49. Determine p(5).
6
Let a(f) be the third derivative of -f**6/120 - f**5/30 - f**4/8 - 13*f**3/6 - 61*f**2. Give a(-3).
5
Let v(d) = -2*d**2 - 21*d - 2. Suppose -195*l - 1158 = 792. What is v(l)?
8
Let i(z) = -9*z - 6*z**2 + 262 + 340 + z**3 - 645. Determine i(8).
13
Let u(l) = -7 - 1 + 4*l - 1 + 4*l - l**2 + 1. Calculate u(11).
-41
Suppose x + 56 - 88 = 0. Let t(w) = -w**2 - x*w + 0*w**2 + 2 + 11*w + 14*w + 8*w. Let m be 0 - (0 - 2)/(-1). What is t(m)?
-4
Let n be ((-34)/(-5))/((-11)/(-55)). Let x(z) = z**2 - 35*z + 34. Calculate x(n).
0
Let t = -62 + 68. Let w(g) = g**3 + 2 - 2*g**2 + 3*g - t - 3 + 5. Let a be 1/2 + (-5)/(-2). Give w(a).
16
Let n(b) = 1589*b + 9533. Let p be n(-6). Let a(d) = 1. Let f(m) = -m - 1. Let x(w) = 3*a(w) + 2*f(w). Calculate x(p).
3
Let u(l) be the first derivative of l**4/4 - 8*l**3/3 + 5*l**2 - 3*l + 9121. Let c be 7/(-4) - 1/4. Let t be c/(-2) + (2 - -4). What is u(t)?
18
Let v(o) be the second derivative of 1/6*o**3 + 1/2*o**2 + 0 - 71*o. Let q be (0 + -1)/(-1) - 5. Give v(q).
-3
Let t(l) = -7 - 7556*l + 2187*l**3 - 14*l**2 + 7569*l - 2186*l**3. What is t(13)?
-7
Let k be (-2)/4 + (-3)/(120/(-20)). Let q(a) = -3*a**2 - a + 31. What is q(k)?
31
Let z = 1287 + -388. Let w(x) = 899 - z + 2*x. Let g(h) = -72*h. Let r(b) = -2*g(b) - 60*w(b). Give r(1).
24
Let d(s) = 2*s + 66. Suppose -3*p + u = 88, 4*p + 131*u + 112 = 135*u. Calculate d(p).
6
Let i(c) be the third derivative of -c**6/120 - 2*c**5/15 - 7*c**4/24 - 4*c**3/3 + 8*c**2. Let p = 1385 - 1392. Give i(p).
-8
Let b(k) = 24*k + 555 - 272 + 21*k - 264 - 42*k. Give b(0).
19
Let d(g) = -g**3 + g**2 + g - 13. Let o be (-1)/(4/5 + -1). Suppose -3*j = -b - 3, -482*b - 21 = 3*j - 487*b. Suppose -o*a = -9*a - j*a. Give d(a).
-13
Let b(h) be the third derivative of 0*h - 52*h**2 - 1/60*h**5 - 5/3*h**3 - 1/3*h**4 - 2. Calculate b(-7).
-3
Suppose y - 2*a - 6 = -1, 2*y - 9 = 3*a. Suppose 1 = l - y. Let x(b) = b**3 - l*b**2 + 2*b**3 + 5 - 2*b**3 - 3*b. Calculate x(4).
-7
Suppose 0*b + 210 = -5*b. Let t be (4 - b/(-9))*-159. Let l(m) = 106 + m - t. Calculate l(7).
7
Let h(b) = b**3 + 23*b**2 - 26*b - 37. Suppose -4*s + 3*s = -3*z + 30, -68 = 3*s + 2*z. Give h(s).
11
Let s(u) be the first derivative of u**4/12 + 2*u**3/3 - 97*u**2/2 + u + 83. Let v(h) be the second derivative of s(h). Calculate v(6).
16
Let k(o) = o**2 + 27*o + 31. Let d be (5*364/105)/((-4)/6). Let j be k(d). Let t(u) = -u**2 + 6*u + 2. Determine t(j).
7
Let i = 1 - -4. Suppose 4*s - 3 = -g + 24, 0 = i*s + g - 34. Let h(o) be the first derivative of o**2/2 - o + 27. Determine h(s).
6
Suppose 6*c = 3*c + 9. Let h(f) be the first derivative of -1/3*f**3 + 3*f + 0*f**2 + 140. Give h(c).
-6
Let v(p) = -p**3 + 5*p**2 + 28*p - 24. Let l(x) = x**2 - 29*x - 11554. Let c be l(123). Determine v(c).
8
Let p(j) = -20*j + 10 - 10*j - 27 + 10. Let n(g) = 16*g + 3. Let a(z) = -11*n(z) - 6*p(z). Suppose -5*b - 10 = 5*y, 6*b - 4*y = 2*b - 40. Give a(b).
-15
Let i(y) = -44*y**2 - y + 3 + 45*y**2 - 3. Suppose -21*j = -19*j - 8. Suppose -j = 9*f - 11*f. What is i(f)?
2
Let o be 1 + (-24)/21 + (-2)/14*6. Let b(p) = -28*p - 6. Calculate b(o).
22
Let i(g) = -g**2 - 39*g - 107. Let r(y) = 14*y**2 + 1097*y - 714. Let x be r(-79). Determine i(x).
1
Let w(n) = 4*n + 13. Let m(p) be the second derivative of 3*p**5/20 - p**4/12 + p**3/2 + 3*p**2/2 + 20*p. Let a be m(-1). Give w(a).
-3
Let l(t) = -1659*t + 3320*t + 3*t**2 - 4 - 1655*t. Determine l(-3).
5
Suppose -5*l + 22 = -3. Let q(r) = -5*r**2 + 3*r - 7. Let g(j) = j**2 + j - 2. Let x(p) = 4*g(p) + q(p). Calculate x(l).
-5
Let w = 406 + -387. Let x(o) = o**3 - 20*o**2 + 19*o + 6. Let p be x(w). Let b(d) be the second derivative of d**3/3 - 9*d**2/2 + d. Calculate b(p).
3
Let r(i) = -8*i**2 - 55*i + 15. Let j(f) = 95*f + 183. Let d be j(-2). What is r(d)?
8
Let u(g) = -6*g - 46. Let o be u(-8). Let k(h) = 5*h**2 - 13*h + 1. Give k(o).
-5
Let b(w) = -28*w**2 + 2*w + 1. Let t = 9444 - 9446. What is b(t)?
-115
Let d(s) = 9*s**3 + 4*s**2 + 7*s - 9. Let r(q) = -2*q**3 - q. Suppose -3*g - 3*a - 9 = 0, 0 = 2*g - 0*a + 4*a + 2. Let v(j) = g*r(j) - d(j). Determine v(4).
1
Suppose -2*o = 12*p - 15*p - 88, -4*o = -4*p - 184. Suppose -77 = -5*a - 4*v, -5*v - o = -9*a + 4*a. Let d(w) = -w**3 + 12*w**2 + 13*w - 4. Determine d(a).
-4
Suppose 0 = 5*j - 4 - 6. Suppose 31*k + 26 = 150. Suppose -g - 7 = -n, -j*g - k*n = g. Let y(a) = -3*a - 2. Determine y(g).
10
Let u = -603 + 81. Let p = u + 512. Let m(a) = -a**2 - 12*a - 11. Determine m(p).
9
Let u(w) be the second derivative of w**5/20 + 5*w**4/12 - 4*w**3/3 - 3*w**2/2 - 955*w. Determine u(-6).
9
Let f(p) = -p**2 + 18*p - 40. Let b(r) = 12*r**2 - 833*r + 354. Let l be b(69). Give f(l).
41
Let u(s) = -84*s + 11. Let y(h) = -295*h + 34. Let c(z) = -21*u(z) + 6*y(z). Determine c(-8).
21
Suppose 0 = -8*n + 4*n + 5*l + 8, -3*l = 0. Let d(j) = 5 + 2512*j**2 - 2511*j**n + 2 - 6*j. Suppose -7 - 14 = -3*p. What is d(p)?
14
Suppose -48*f - 70 + 118 = 0. Let m(n) = -3*n**3 - n**2 - 2*n + 2. Calculate m(f).
-4
Suppose -2*c + 9*t = 4*t + 3, 3*t = -9. Let f(m) be the first derivative of m**4/4 + 10*m**3/3 + 4*m**2 - 9*m - 25912. What is f(c)?
0
Let y = 12 - 8. Suppose 7*d = y - 25. Let p(b) be the third derivative of 5*b**4/24 + b**3/3 - 9*b**2. Give p(d).
-13
Let g(t) = -11*t**2 - 2*t + 1. Let f be 3/18 - (-3675)/90. Suppose -10*p - 31 = -f. Calculate g(p).
-12
Let m(j) = -34 - 18*j + 2*j**2 + 12*j**2 - 15 + j**3. Determine m(-15).
-4
Let o(w) = 5*w. Let l(g) = 357*g - 84. Let m(z) = -42*z + 10. Let q(n) = -5*l(n) - 42*m(n). Suppose -4*y = -y + 6. Let t(x) = y*q(x) - 9*o(x). Determine t(4).
-12
Let q(v) = 6*v + 4. Let b = -239 + 230. Let d be (-9)/(-15)*45/b. Give q(d).
-14
Suppose -43*r + 48*r = 40. Suppose r*h + 7 + 41 = 0. Let d(j) = j**3 + 6*j**2 - 5*j - 7. Calculate d(h).
23
Let z(l) = 2*l**3 - 15*l**2 + 20*l - 9. Let q = -2014 + 2020. What is z(q)?
3
Let q(y) = -74 - 17*y + 163 - 57. Give q(2).
-2
Suppose 3*i - 8 = i. Let v(q) = i*q**2 + 4*q**3 - 5*q + 7*q - 2 - 3*q**3. Let a be 19 - 16 - (5 + 1). Give v(a).
1
Let c(r) = -3*r**2 - 3*r + 3. Let o(g) = 7*g**2 + 3*g - 12. Let y(j) = -2*c(j) - o(j). Calculate y(3).
6
Let m(f) be the second derivative of f**5/20 + f**4/3 - f**3/2 + f. Let r = 830 + -826. Suppose r*h - 28 = 3*x, -3*x - 2*h = 5 - 1. Give m(x).
12
Let z(y) = y**2 + 2*y + 1. Let x(s) = 4*s**2 + 5*s + 10. Let u(v) = x(v) - 5*z(v). Suppose -5*t = -13 + 38. Determine u(t).
5
Let m(x) = -4410*x + 108 + 8790*x - 4372*x. Calculate m(-12).
12
Let f(r) be the second derivative of 5*r**2 + 0 + 1/3*r**3 + 7*r. Suppose -4*l - 4 = 0, 26*j - l + 34 = 21*j. Give f(j).
-4
Let s(u) = -281*u + 17. Let m(n) = -618*n + 34. Let t(z) = 5*m(z) - 11*s(z). Calculate t(16).
-1
Let r(q) = -93*q + 32*q + 24*q - 26 + 15*q + 13*q. Determine r(-4).
10
Let l(a) = -60*a + 14. Let f(v) = 35*v - 4. Let h(x) = -7*f(x) - 4*l(x). Suppose -2*s + 0*s - 14 = 0. What is h(s)?
7
Suppose 22*s + 17 + 60 + 11 = 0. Let m(g) be the third derivative of -g**4/24 + g**2. Give m(s).
4
Let z(x) = 173*x**2 - 45*x - 122. Let q(w) = 69*w**2 - 22*w - 60. Let k(h) = -5*q(h) + 2*z(h). Calculate k(-10).
-44
Let m(b) = -5*b + 2. Let w be (-105)/(-21)*9/5. Suppose w = -4*g - h, 0*h = -g + 3*h - 12. Give m(g).
17
Let d(c) = -38*c**2 + 44*c - 39. Let r be 1/2*-11*2. Let z(q) = -7*q**2 + 9*q - 8. Let i(t) = r*z(t) + 2*d(t). Determ